te the highest common divisor of 661 and 3.
1
What is the highest common divisor of 9126 and 169?
169
Calculate the greatest common divisor of 70 and 3360.
70
What is the greatest common factor of 236 and 59?
59
What is the highest common factor of 2396 and 12?
4
What is the highest common divisor of 70 and 12495?
35
Calculate the greatest common factor of 3 and 123.
3
What is the highest common factor of 44 and 1122?
22
Calculate the highest common factor of 24 and 300.
12
Calculate the highest common divisor of 189 and 15939.
63
Calculate the highest common factor of 1078 and 2926.
154
Calculate the highest common factor of 66 and 1749.
33
Calculate the greatest common divisor of 4773 and 222.
111
Calculate the highest common divisor of 190 and 520.
10
What is the greatest common divisor of 260 and 140?
20
What is the greatest common divisor of 30 and 255?
15
Calculate the highest common divisor of 45 and 603.
9
What is the highest common divisor of 296 and 37?
37
Calculate the greatest common divisor of 130 and 78.
26
What is the greatest common divisor of 55 and 20?
5
Calculate the highest common factor of 35 and 854.
7
What is the greatest common divisor of 910 and 385?
35
What is the greatest common divisor of 16 and 208?
16
What is the greatest common divisor of 1278 and 198?
18
What is the greatest common factor of 30 and 4470?
30
What is the greatest common factor of 38 and 171?
19
Calculate the highest common factor of 3843 and 9.
9
Calculate the highest common divisor of 11693 and 11.
11
What is the greatest common divisor of 45 and 24780?
15
Calculate the highest common factor of 12513 and 291.
291
What is the greatest common factor of 760 and 133?
19
Calculate the highest common factor of 26 and 14846.
26
Calculate the greatest common factor of 528 and 464.
16
Calculate the highest common divisor of 5 and 13.
1
Calculate the greatest common factor of 1 and 4.
1
What is the highest common divisor of 481 and 39?
13
What is the greatest common divisor of 60 and 276?
12
Calculate the highest common factor of 1739 and 47.
47
Calculate the highest common divisor of 2006 and 34.
34
Calculate the greatest common factor of 259 and 54390.
259
What is the highest common divisor of 1392 and 12?
12
Calculate the greatest common factor of 18 and 18.
18
Calculate the greatest common divisor of 18930 and 60.
30
What is the highest common divisor of 11 and 3883?
11
What is the highest common divisor of 36 and 2652?
12
Calculate the highest common factor of 40 and 1240.
40
What is the greatest common factor of 104 and 22?
2
What is the greatest common factor of 144 and 63?
9
What is the highest common divisor of 81 and 12?
3
Calculate the highest common divisor of 924 and 4092.
132
Calculate the greatest common divisor of 9 and 45.
9
What is the greatest common divisor of 318 and 424?
106
Calculate the highest common divisor of 2232 and 24.
24
What is the highest common divisor of 22 and 594?
22
What is the greatest common divisor of 1274 and 490?
98
What is the highest common factor of 1625 and 455?
65
Calculate the greatest common divisor of 45 and 555.
15
Calculate the highest common divisor of 1528 and 10.
2
What is the greatest common divisor of 3015 and 90?
45
Calculate the greatest common factor of 65 and 1755.
65
Calculate the highest common divisor of 1188 and 44.
44
What is the highest common divisor of 1679 and 69?
23
Calculate the highest common divisor of 945 and 3240.
135
What is the greatest common divisor of 22 and 1639?
11
What is the highest common divisor of 5610 and 220?
110
Calculate the greatest common divisor of 806 and 186.
62
What is the highest common divisor of 9 and 45?
9
Calculate the greatest common divisor of 44 and 924.
44
What is the highest common factor of 408 and 216?
24
What is the greatest common factor of 6273 and 102?
51
What is the greatest common factor of 425 and 595?
85
Calculate the highest common factor of 9 and 89.
1
Calculate the highest common divisor of 989 and 1118.
43
What is the highest common divisor of 5733 and 1029?
147
What is the highest common divisor of 20 and 764?
4
What is the highest common divisor of 5200 and 156?
52
Calculate the greatest common divisor of 108 and 486.
54
Calculate the highest common divisor of 162 and 4536.
162
Calculate the highest common factor of 3 and 24.
3
What is the greatest common factor of 3141 and 18?
9
Calculate the highest common factor of 64 and 9824.
32
Calculate the highest common factor of 61 and 1.
1
What is the highest common factor of 144 and 1368?
72
Calculate the highest common divisor of 561 and 51.
51
What is the greatest common factor of 430 and 688?
86
What is the highest common factor of 77 and 1771?
77
Calculate the greatest common divisor of 49 and 392.
49
What is the highest common divisor of 774 and 252?
18
What is the greatest common factor of 65 and 234?
13
Calculate the highest common factor of 1070 and 10.
10
What is the highest common factor of 168 and 9464?
56
What is the greatest common factor of 120 and 56?
8
What is the greatest common factor of 891 and 33?
33
Calculate the highest common factor of 192 and 240.
48
What is the greatest common divisor of 71 and 1775?
71
Calculate the highest common factor of 70 and 742.
14
What is the greatest common divisor of 48 and 120?
24
Calculate the highest common factor of 636 and 12.
12
What is the greatest common factor of 4816 and 140?
28
Calculate the highest common divisor of 56 and 2408.
56
What is the greatest common factor of 4770 and 8480?
530
What is the greatest common factor of 108 and 135?
27
What is the greatest common factor of 85 and 68?
17
What is the highest common factor of 6 and 48?
6
What is the highest common factor of 27 and 144?
9
Calculate the greatest common divisor of 88 and 396.
44
Calculate the highest common divisor of 26 and 66.
2
What is the greatest common factor of 210 and 60?
30
What is the greatest common factor of 16 and 316?
4
What is the greatest common factor of 26 and 689?
13
What is the greatest common divisor of 344 and 8?
8
What is the greatest common factor of 108 and 504?
36
What is the greatest common divisor of 476 and 224?
28
Calculate the greatest common factor of 8 and 3848.
8
What is the highest common divisor of 324 and 810?
162
Calculate the highest common divisor of 3707 and 11.
11
What is the greatest common divisor of 140 and 105?
35
What is the highest common divisor of 2212 and 4108?
316
Calculate the highest common divisor of 360 and 495.
45
Calculate the highest common factor of 120 and 570.
30
Calculate the highest common divisor of 675 and 54.
27
What is the greatest common divisor of 2 and 38?
2
What is the greatest common divisor of 133 and 791?
7
Calculate the highest common divisor of 110 and 10.
10
What is the highest common factor of 1 and 71?
1
Calculate the highest common divisor of 140 and 3605.
35
What is the highest common divisor of 51 and 102?
51
What is the highest common divisor of 2782 and 65?
13
What is the highest common factor of 525 and 105?
105
What is the greatest common factor of 10492 and 172?
172
Calculate the highest common divisor of 3068 and 2596.
236
What is the greatest common divisor of 1104 and 48?
48
Calculate the highest common factor of 6181 and 7.
7
What is the highest common divisor of 576 and 18?
18
Calculate the highest common factor of 26 and 3.
1
Calculate the highest common factor of 963 and 666.
9
What is the greatest common factor of 2 and 98?
2
What is the greatest common factor of 322 and 1750?
14
What is the highest common divisor of 295 and 59?
59
Calculate the highest common divisor of 12270 and 45.
15
What is the highest common divisor of 644 and 2116?
92
Calculate the greatest common factor of 21 and 147.
21
Calculate the greatest common factor of 325 and 1495.
65
Calculate the highest common factor of 20 and 26.
2
What is the greatest common factor of 744 and 5673?
93
Calculate the highest common divisor of 10 and 636.
2
What is the highest common divisor of 4828 and 213?
71
What is the greatest common divisor of 2058 and 1568?
98
What is the greatest common divisor of 1040 and 65?
65
What is the highest common factor of 116 and 32?
4
Calculate the greatest common divisor